{"id":283,"date":"2026-02-26T17:31:40","date_gmt":"2026-02-26T14:31:40","guid":{"rendered":"https:\/\/teacherpal.com.tr\/wwwweb\/?page_id=283"},"modified":"2026-02-26T17:32:39","modified_gmt":"2026-02-26T14:32:39","slug":"isbirligi","status":"publish","type":"page","link":"https:\/\/teacherpal.com.tr\/wwwweb\/?page_id=283","title":{"rendered":"\u0130\u015fbirli\u011fi"},"content":{"rendered":"\n<p>\u0130\u015fbirli\u011fi<\/p>\n","protected":false},"excerpt":{"rendered":"<p>\u0130\u015fbirli\u011fi<\/p>\n","protected":false},"author":1,"featured_media":0,"parent":0,"menu_order":0,"comment_status":"closed","ping_status":"closed","template":"","meta":{"footnotes":""},"class_list":["post-283","page","type-page","status-publish","hentry"],"_links":{"self":[{"href":"https:\/\/teacherpal.com.tr\/wwwweb\/index.php?rest_route=\/wp\/v2\/pages\/283","targetHints":{"allow":["GET"]}}],"collection":[{"href":"https:\/\/teacherpal.com.tr\/wwwweb\/index.php?rest_route=\/wp\/v2\/pages"}],"about":[{"href":"https:\/\/teacherpal.com.tr\/wwwweb\/index.php?rest_route=\/wp\/v2\/types\/page"}],"author":[{"embeddable":true,"href":"https:\/\/teacherpal.com.tr\/wwwweb\/index.php?rest_route=\/wp\/v2\/users\/1"}],"replies":[{"embeddable":true,"href":"https:\/\/teacherpal.com.tr\/wwwweb\/index.php?rest_route=%2Fwp%2Fv2%2Fcomments&post=283"}],"version-history":[{"count":1,"href":"https:\/\/teacherpal.com.tr\/wwwweb\/index.php?rest_route=\/wp\/v2\/pages\/283\/revisions"}],"predecessor-version":[{"id":285,"href":"https:\/\/teacherpal.com.tr\/wwwweb\/index.php?rest_route=\/wp\/v2\/pages\/283\/revisions\/285"}],"wp:attachment":[{"href":"https:\/\/teacherpal.com.tr\/wwwweb\/index.php?rest_route=%2Fwp%2Fv2%2Fmedia&parent=283"}],"curies":[{"name":"wp","href":"https:\/\/api.w.org\/{rel}","templated":true}]}}